3
What is the remainder when 1053749 is divided by 239?
237
What is the remainder when 2095 is divided by 680?
55
Calculate the remainder when 32258 is divided by 4608.
2
Calculate the remainder when 5770 is divided by 72.
10
Calculate the remainder when 14575 is divided by 114.
97
What is the remainder when 4044 is divided by 3288?
756
Calculate the remainder when 337608 is divided by 283.
272
What is the remainder when 1338 is divided by 420?
78
Calculate the remainder when 5524 is divided by 25.
24
Calculate the remainder when 31748 is divided by 344.
100
Calculate the remainder when 4979 is divided by 110.
29
Calculate the remainder when 12156 is divided by 6078.
0
What is the remainder when 85764 is divided by 858?
822
Calculate the remainder when 17143 is divided by 1058.
215
What is the remainder when 204130 is divided by 34021?
4
What is the remainder when 15298 is divided by 75?
73
Calculate the remainder when 3221 is divided by 121.
75
What is the remainder when 36306 is divided by 134?
126
What is the remainder when 11319 is divided by 5654?
11
Calculate the remainder when 10310 is divided by 17.
8
Calculate the remainder when 1436762 is divided by 1358.
1356
What is the remainder when 23901 is divided by 451?
449
What is the remainder when 489093 is divided by 1675?
1668
What is the remainder when 4455 is divided by 15?
0
Calculate the remainder when 13315 is divided by 333.
328
Calculate the remainder when 214 is divided by 72.
70
Calculate the remainder when 792001 is divided by 778.
775
Calculate the remainder when 57953 is divided by 1444.
193
What is the remainder when 1891049 is divided by 150?
149
Calculate the remainder when 5617 is divided by 573.
460
What is the remainder when 41558 is divided by 1194?
962
What is the remainder when 199690 is divided by 2349?
25
Calculate the remainder when 139176 is divided by 23196.
0
What is the remainder when 66891 is divided by 16?
11
Calculate the remainder when 406581 is divided by 72.
69
What is the remainder when 13720 is divided by 125?
95
What is the remainder when 32851 is divided by 32784?
67
Calculate the remainder when 30859 is divided by 63.
52
Calculate the remainder when 3422 is divided by 255.
107
Calculate the remainder when 1636 is divided by 204.
4
Calculate the remainder when 4343 is divided by 376.
207
Calculate the remainder when 1363 is divided by 105.
103
What is the remainder when 32505 is divided by 14?
11
What is the remainder when 3048 is divided by 3039?
9
Calculate the remainder when 80720 is divided by 11526.
38
What is the remainder when 5080 is divided by 513?
463
Calculate the remainder when 173968 is divided by 21744.
16
Calculate the remainder when 205305 is divided by 108.
105
What is the remainder when 202637 is divided by 10?
7
Calculate the remainder when 3891 is divided by 180.
111
Calculate the remainder when 606196 is divided by 866.
862
What is the remainder when 18997 is divided by 398?
291
Calculate the remainder when 11528 is divided by 63.
62
What is the remainder when 549064 is divided by 238?
236
Calculate the remainder when 5539 is divided by 1100.
39
What is the remainder when 1688 is divided by 198?
104
Calculate the remainder when 4512 is divided by 173.
14
Calculate the remainder when 503826 is divided by 5248.
18
What is the remainder when 11165 is divided by 14?
7
Calculate the remainder when 8139 is divided by 23.
20
What is the remainder when 26110 is divided by 21?
7
What is the remainder when 168829 is divided by 115?
9
Calculate the remainder when 6799 is divided by 3058.
683
Calculate the remainder when 1187 is divided by 987.
200
Calculate the remainder when 433656 is divided by 15.
6
What is the remainder when 6252 is divided by 17?
13
What is the remainder when 87718 is divided by 408?
406
Calculate the remainder when 329 is divided by 93.
50
What is the remainder when 9802 is divided by 63?
37
What is the remainder when 19776 is divided by 33?
9
What is the remainder when 3315 is divided by 194?
17
What is the remainder when 306830 is divided by 66?
62
What is the remainder when 3521 is divided by 253?
232
What is the remainder when 188927 is divided by 93?
44
What is the remainder when 492997 is divided by 1000?
997
Calculate the remainder when 639 is divided by 563.
76
Calculate the remainder when 145741 is divided by 6940.
1
Calculate the remainder when 63145 is divided by 298.
267
What is the remainder when 1765581 is divided by 732?
729
What is the remainder when 13099 is divided by 3271?
15
What is the remainder when 18797 is divided by 627?
614
What is the remainder when 311070 is divided by 59?
22
What is the remainder when 88 is divided by 67?
21
What is the remainder when 7046 is divided by 1168?
38
What is the remainder when 124 is divided by 62?
0
Calculate the remainder when 149066 is divided by 459.
350
What is the remainder when 1752 is divided by 696?
360
Calculate the remainder when 75221 is divided by 95.
76
What is the remainder when 3153 is divided by 1458?
237
Calculate the remainder when 680513 is divided by 26.
15
What is the remainder when 10877 is divided by 191?
181
What is the remainder when 9193 is divided by 4596?
1
Calculate the remainder when 3744 is divided by 303.
108
Calculate the remainder when 23813 is divided by 23724.
89
Calculate the remainder when 5901 is divided by 2876.
149
Calculate the remainder when 892 is divided by 19.
18
What is the remainder when 7426 is divided by 140?
6
What is the remainder when 7783 is divided by 520?
503
What is the remainder when 7133 is divided by 34?
27
What is the remainder when 1719 is divided by 1712?
7
What is the remainder when 1026 is divided by 145?
11
Calculate the remainder when 67654 is divided by 76.
14
Calculate the remainder when 36849 is divided by 3671.
139
What is the remainder when 9802 is divided by 303?
106
Calculate the remainder when 9114 is divided by 147.
0
Calculate the remainder when 364599 is divided by 24.
15
What is the remainder when 2054 is divided by 368?
214
What is the remainder when 102137 is divided by 17021?
11
What is the remainder when 91818 is divided by 827?
21
What is the remainder when 2318 is divided by 138?
110
Calculate the remainder when 40209 is divided by 59.
30
Calculate the remainder when 2137 is divided by 102.
97
What is the remainder when 25528 is divided by 1719?
1462
What is the remainder when 8471 is divided by 15?
11
What is the remainder when 894 is divided by 250?
144
Calculate the remainder when 771 is divided by 728.
43
What is the remainder when 46494 is divided by 33?
30
Calculate the remainder when 690908 is divided by 1210.
1208
Calculate the remainder when 11166 is divided by 180.
6
What is the remainder when 2851 is divided by 63?
16
Calculate the remainder when 63720 is divided by 15920.
40
What is the remainder when 1928 is divided by 283?
230
Calculate the remainder when 95093 is divided by 2381.
2234
What is the remainder when 21478 is divided by 767?
2
Calculate the remainder when 420 is divided by 399.
21
What is the remainder when 7257 is divided by 242?
239
Calculate the remainder when 9129 is divided by 66.
21
Calculate the remainder when 4340 is divided by 8.
4
What is the remainder when 3555 is divided by 639?
360
What is the remainder when 234 is divided by 81?
72
Calculate the remainder when 11780 is divided by 1338.
1076
Calculate the remainder when 9081 is divided by 759.
732
Calculate the remainder when 383 is divided by 37.
13
Calculate the remainder when 11317 is divided by 3126.
1939
What is the remainder when 5586 is divided by 15?
6
What is the remainder when 10737 is divided by 67?
17
Calculate the remainder when 621046 is divided by 21.
13
What is the remainder when 1645 is divided by 79?
65
What is the remainder when 34684 is divided by 257?
246
What is the remainder when 398746 is divided by 606?
604
What is the remainder when 2366 is divided by 1826?
540
Calculate the remainder when 50894 is divided by 43.
25
What is the remainder when 72169 is divided by 90?
79
What is the remainder when 24885 is divided by 95?
90
Calculate the remainder when 77918 is divided by 20.
18
Calculate the remainder when 250337 is divided by 199.
194
What is the remainder w